{"id":20009,"date":"2024-10-24T20:50:43","date_gmt":"2024-10-24T19:50:43","guid":{"rendered":"https:\/\/l-doornassau.be\/portillons-independants\/portillon-luxe-line\/"},"modified":"2025-04-09T14:14:10","modified_gmt":"2025-04-09T13:14:10","slug":"portillon-luxe-line","status":"publish","type":"page","link":"https:\/\/l-doornassau.be\/fr\/portillons-independants\/portillon-luxe-line\/","title":{"rendered":"Portillon Luxe-line"},"content":{"rendered":"\t\t<div data-elementor-type=\"wp-page\" data-elementor-id=\"20009\" class=\"elementor elementor-20009 elementor-17135\" data-elementor-post-type=\"page\">\n\t\t\t\t<div class=\"elementor-element elementor-element-855c292 e-con-full residentieel e-flex e-con e-parent\" data-id=\"855c292\" data-element_type=\"container\" data-settings=\"{&quot;background_background&quot;:&quot;classic&quot;}\">\n\t\t<div class=\"elementor-element elementor-element-662c40a e-con-full container__xl e-flex e-con e-child\" data-id=\"662c40a\" data-element_type=\"container\">\n\t\t<div class=\"elementor-element elementor-element-4c20855 e-con-full e-flex e-con e-child\" data-id=\"4c20855\" data-element_type=\"container\">\n\t\t\t\t<div class=\"elementor-element elementor-element-1225c07 elementor-widget elementor-widget-heading\" data-id=\"1225c07\" data-element_type=\"widget\" data-widget_type=\"heading.default\">\n\t\t\t\t<div class=\"elementor-widget-container\">\n\t\t\t\t\t<h1 class=\"elementor-heading-title elementor-size-default\">Portillon Luxe-line<\/h1>\t\t\t\t<\/div>\n\t\t\t\t<\/div>\n\t\t\t\t<div class=\"elementor-element elementor-element-a3ba95f elementor-widget elementor-widget-text-editor\" data-id=\"a3ba95f\" data-element_type=\"widget\" data-widget_type=\"text-editor.default\">\n\t\t\t\t<div class=\"elementor-widget-container\">\n\t\t\t\t\t\t\t\t\t<p>La porte Luxe-Line est un portillon polyvalent parfaitement adapt\u00e9 aux applications r\u00e9sidentielles et industrielles.<\/p>\t\t\t\t\t\t\t\t<\/div>\n\t\t\t\t<\/div>\n\t\t\t\t<div class=\"elementor-element elementor-element-4653ad3 elementor-widget elementor-widget-button\" data-id=\"4653ad3\" data-element_type=\"widget\" data-widget_type=\"button.default\">\n\t\t\t\t<div class=\"elementor-widget-container\">\n\t\t\t\t\t\t\t\t\t<div class=\"elementor-button-wrapper\">\n\t\t\t\t\t<a class=\"elementor-button elementor-button-link elementor-size-sm\" href=\"https:\/\/l-doornassau.be\/fr\/devis\/\">\n\t\t\t\t\t\t<span class=\"elementor-button-content-wrapper\">\n\t\t\t\t\t\t\t\t\t<span class=\"elementor-button-text\">Demander un devis<\/span>\n\t\t\t\t\t<\/span>\n\t\t\t\t\t<\/a>\n\t\t\t\t<\/div>\n\t\t\t\t\t\t\t\t<\/div>\n\t\t\t\t<\/div>\n\t\t\t\t<\/div>\n\t\t\t\t<\/div>\n\t\t<div class=\"elementor-element elementor-element-67cf556 e-con-full hero__image e-flex e-con e-child\" data-id=\"67cf556\" data-element_type=\"container\" data-settings=\"{&quot;background_background&quot;:&quot;classic&quot;}\">\n\t\t\t\t<\/div>\n\t\t\t\t<\/div>\n\t\t<div class=\"elementor-element elementor-element-59e74ac e-con-full e-flex e-con e-parent\" data-id=\"59e74ac\" data-element_type=\"container\" data-settings=\"{&quot;background_background&quot;:&quot;classic&quot;}\">\n\t\t<div class=\"elementor-element elementor-element-f937960 e-con-full container__xl e-flex e-con e-child\" data-id=\"f937960\" data-element_type=\"container\">\n\t\t<div class=\"elementor-element elementor-element-47f3b5c e-con-full e-flex e-con e-child\" data-id=\"47f3b5c\" data-element_type=\"container\">\n\t\t\t\t<div class=\"elementor-element elementor-element-547f4dd elementor-widget elementor-widget-image\" data-id=\"547f4dd\" data-element_type=\"widget\" data-widget_type=\"image.default\">\n\t\t\t\t<div class=\"elementor-widget-container\">\n\t\t\t\t\t\t\t\t\t\t\t\t\t\t\t<img fetchpriority=\"high\" decoding=\"async\" width=\"759\" height=\"1024\" src=\"https:\/\/l-doornassau.be\/wp-content\/uploads\/2024\/11\/Luxe-Line-enkel-759x1024.jpg\" class=\"attachment-large size-large wp-image-19904\" alt=\"L-doornassau Lux-Line loopdeuren\" srcset=\"https:\/\/l-doornassau.be\/wp-content\/uploads\/2024\/11\/Luxe-Line-enkel-759x1024.jpg 759w, https:\/\/l-doornassau.be\/wp-content\/uploads\/2024\/11\/Luxe-Line-enkel-222x300.jpg 222w, https:\/\/l-doornassau.be\/wp-content\/uploads\/2024\/11\/Luxe-Line-enkel-768x1036.jpg 768w, https:\/\/l-doornassau.be\/wp-content\/uploads\/2024\/11\/Luxe-Line-enkel-1139x1536.jpg 1139w, https:\/\/l-doornassau.be\/wp-content\/uploads\/2024\/11\/Luxe-Line-enkel-600x809.jpg 600w, https:\/\/l-doornassau.be\/wp-content\/uploads\/2024\/11\/Luxe-Line-enkel.jpg 1149w\" sizes=\"(max-width: 759px) 100vw, 759px\" \/>\t\t\t\t\t\t\t\t\t\t\t\t\t\t\t<\/div>\n\t\t\t\t<\/div>\n\t\t\t\t<\/div>\n\t\t<div class=\"elementor-element elementor-element-3d92a25 e-con-full e-flex e-con e-child\" data-id=\"3d92a25\" data-element_type=\"container\">\n\t\t\t\t<div class=\"elementor-element elementor-element-917671f elementor-widget elementor-widget-text-editor\" data-id=\"917671f\" data-element_type=\"widget\" data-widget_type=\"text-editor.default\">\n\t\t\t\t<div class=\"elementor-widget-container\">\n\t\t\t\t\t\t\t\t\t<p>La gamme de panneaux du programme de portes sectionnelles de type ST peut \u00eatre utilis\u00e9e comme remplissage du profil\u00e9 en aluminium Luxe-Line \u00e0 rupture thermique, offrant ainsi une porte \u00e0 la fois unique et enti\u00e8rement personnalis\u00e9e, parfaitement adapt\u00e9e \u00e0 vos besoins.<\/p><p>Le portillon Luxe-Line se d\u00e9cline en de nombreuses couleurs standard, mais peut \u00e9galement \u00eatre r\u00e9alis\u00e9 dans toutes les teintes RAL.<\/p><p>Pour une touche suppl\u00e9mentaire de sophistication, il est possible d\u2019int\u00e9grer des remplissages en verre (ronds, carr\u00e9s, rectangulaires ou ovales), selon vos pr\u00e9f\u00e9rences. Ce mod\u00e8le est disponible en version simple ou double, selon vos exigences.<\/p>\t\t\t\t\t\t\t\t<\/div>\n\t\t\t\t<\/div>\n\t\t\t\t<\/div>\n\t\t\t\t<\/div>\n\t\t\t\t<\/div>\n\t\t<div class=\"elementor-element elementor-element-61af0a4 e-con-full e-flex e-con e-parent\" data-id=\"61af0a4\" data-element_type=\"container\" data-settings=\"{&quot;background_background&quot;:&quot;classic&quot;}\">\n\t\t<div class=\"elementor-element elementor-element-3dbc486 e-con-full container__xl e-flex e-con e-child\" data-id=\"3dbc486\" data-element_type=\"container\">\n\t\t<div class=\"elementor-element elementor-element-dbc8ef0 e-con-full e-flex e-con e-child\" data-id=\"dbc8ef0\" data-element_type=\"container\">\n\t\t\t\t<div class=\"elementor-element elementor-element-e007500 elementor-widget elementor-widget-heading\" data-id=\"e007500\" data-element_type=\"widget\" data-widget_type=\"heading.default\">\n\t\t\t\t<div class=\"elementor-widget-container\">\n\t\t\t\t\t<h2 class=\"elementor-heading-title elementor-size-default\">Prenez rendez-vous ou envoyez-nous un e-mail<\/h2>\t\t\t\t<\/div>\n\t\t\t\t<\/div>\n\t\t\t\t<\/div>\n\t\t<div class=\"elementor-element elementor-element-624ef8b e-con-full e-flex e-con e-child\" data-id=\"624ef8b\" data-element_type=\"container\">\n\t\t\t\t<div class=\"elementor-element elementor-element-bcaf487 elementor-widget elementor-widget-button\" data-id=\"bcaf487\" data-element_type=\"widget\" data-widget_type=\"button.default\">\n\t\t\t\t<div class=\"elementor-widget-container\">\n\t\t\t\t\t\t\t\t\t<div class=\"elementor-button-wrapper\">\n\t\t\t\t\t<a class=\"elementor-button elementor-button-link elementor-size-sm\" href=\"https:\/\/l-doornassau.be\/fr\/contact\/\">\n\t\t\t\t\t\t<span class=\"elementor-button-content-wrapper\">\n\t\t\t\t\t\t\t\t\t<span class=\"elementor-button-text\">Contactez nous<\/span>\n\t\t\t\t\t<\/span>\n\t\t\t\t\t<\/a>\n\t\t\t\t<\/div>\n\t\t\t\t\t\t\t\t<\/div>\n\t\t\t\t<\/div>\n\t\t\t\t<\/div>\n\t\t\t\t<\/div>\n\t\t\t\t<\/div>\n\t\t\t\t<\/div>\n\t\t","protected":false},"excerpt":{"rendered":"<p>Portillon Luxe-line La porte Luxe-Line est un portillon polyvalent parfaitement adapt\u00e9 aux applications r\u00e9sidentielles et industrielles. Demander un devis La gamme de panneaux du programme de portes sectionnelles de type ST peut \u00eatre utilis\u00e9e comme remplissage du profil\u00e9 en aluminium Luxe-Line \u00e0 rupture thermique, offrant ainsi une porte \u00e0 la fois unique et enti\u00e8rement personnalis\u00e9e, [&hellip;]<\/p>\n","protected":false},"author":27,"featured_media":0,"parent":20002,"menu_order":0,"comment_status":"closed","ping_status":"closed","template":"elementor_header_footer","meta":{"_acf_changed":false,"footnotes":""},"class_list":["post-20009","page","type-page","status-publish","hentry"],"acf":[],"_links":{"self":[{"href":"https:\/\/l-doornassau.be\/fr\/wp-json\/wp\/v2\/pages\/20009","targetHints":{"allow":["GET"]}}],"collection":[{"href":"https:\/\/l-doornassau.be\/fr\/wp-json\/wp\/v2\/pages"}],"about":[{"href":"https:\/\/l-doornassau.be\/fr\/wp-json\/wp\/v2\/types\/page"}],"author":[{"embeddable":true,"href":"https:\/\/l-doornassau.be\/fr\/wp-json\/wp\/v2\/users\/27"}],"replies":[{"embeddable":true,"href":"https:\/\/l-doornassau.be\/fr\/wp-json\/wp\/v2\/comments?post=20009"}],"version-history":[{"count":5,"href":"https:\/\/l-doornassau.be\/fr\/wp-json\/wp\/v2\/pages\/20009\/revisions"}],"predecessor-version":[{"id":20302,"href":"https:\/\/l-doornassau.be\/fr\/wp-json\/wp\/v2\/pages\/20009\/revisions\/20302"}],"up":[{"embeddable":true,"href":"https:\/\/l-doornassau.be\/fr\/wp-json\/wp\/v2\/pages\/20002"}],"wp:attachment":[{"href":"https:\/\/l-doornassau.be\/fr\/wp-json\/wp\/v2\/media?parent=20009"}],"curies":[{"name":"wp","href":"https:\/\/api.w.org\/{rel}","templated":true}]}}

<div data-elementor-type="wp-page" data-elementor-id="20009" class="elementor elementor-20009 elementor-17135" data-elementor-post-type="page">
				<div class="elementor-element elementor-element-855c292 e-con-full residentieel e-flex e-con e-parent" data-id="855c292" data-element_type="container" data-settings="{&quot;background_background&quot;:&quot;classic&quot;}">
		<div class="elementor-element elementor-element-662c40a e-con-full container__xl e-flex e-con e-child" data-id="662c40a" data-element_type="container">
		<div class="elementor-element elementor-element-4c20855 e-con-full e-flex e-con e-child" data-id="4c20855" data-element_type="container">
				<div class="elementor-element elementor-element-1225c07 elementor-widget elementor-widget-heading" data-id="1225c07" data-element_type="widget" data-widget_type="heading.default">
				<div class="elementor-widget-container">
					<h1 class="elementor-heading-title elementor-size-default">Portillon Luxe-line</h1>				</div>
				</div>
				<div class="elementor-element elementor-element-a3ba95f elementor-widget elementor-widget-text-editor" data-id="a3ba95f" data-element_type="widget" data-widget_type="text-editor.default">
				<div class="elementor-widget-container">
									<p>La porte Luxe-Line est un portillon polyvalent parfaitement adapté aux applications résidentielles et industrielles.</p>								</div>
				</div>
				<div class="elementor-element elementor-element-4653ad3 elementor-widget elementor-widget-button" data-id="4653ad3" data-element_type="widget" data-widget_type="button.default">
				<div class="elementor-widget-container">
									<div class="elementor-button-wrapper">
					<a class="elementor-button elementor-button-link elementor-size-sm" href="https://l-doornassau.be/fr/devis/">
						<span class="elementor-button-content-wrapper">
									<span class="elementor-button-text">Demander un devis</span>
					</span>
					</a>
				</div>
								</div>
				</div>
				</div>
				</div>
		<div class="elementor-element elementor-element-67cf556 e-con-full hero__image e-flex e-con e-child" data-id="67cf556" data-element_type="container" data-settings="{&quot;background_background&quot;:&quot;classic&quot;}">
				</div>
				</div>
		<div class="elementor-element elementor-element-59e74ac e-con-full e-flex e-con e-parent" data-id="59e74ac" data-element_type="container" data-settings="{&quot;background_background&quot;:&quot;classic&quot;}">
		<div class="elementor-element elementor-element-f937960 e-con-full container__xl e-flex e-con e-child" data-id="f937960" data-element_type="container">
		<div class="elementor-element elementor-element-47f3b5c e-con-full e-flex e-con e-child" data-id="47f3b5c" data-element_type="container">
				<div class="elementor-element elementor-element-547f4dd elementor-widget elementor-widget-image" data-id="547f4dd" data-element_type="widget" data-widget_type="image.default">
				<div class="elementor-widget-container">
															<img fetchpriority="high" decoding="async" width="759" height="1024" src="https://l-doornassau.be/wp-content/uploads/2024/11/Luxe-Line-enkel-759x1024.jpg" class="attachment-large size-large wp-image-19904" alt="L-doornassau Lux-Line loopdeuren" srcset="https://l-doornassau.be/wp-content/uploads/2024/11/Luxe-Line-enkel-759x1024.jpg 759w, https://l-doornassau.be/wp-content/uploads/2024/11/Luxe-Line-enkel-222x300.jpg 222w, https://l-doornassau.be/wp-content/uploads/2024/11/Luxe-Line-enkel-768x1036.jpg 768w, https://l-doornassau.be/wp-content/uploads/2024/11/Luxe-Line-enkel-1139x1536.jpg 1139w, https://l-doornassau.be/wp-content/uploads/2024/11/Luxe-Line-enkel-600x809.jpg 600w, https://l-doornassau.be/wp-content/uploads/2024/11/Luxe-Line-enkel.jpg 1149w" sizes="(max-width: 759px) 100vw, 759px" />															</div>
				</div>
				</div>
		<div class="elementor-element elementor-element-3d92a25 e-con-full e-flex e-con e-child" data-id="3d92a25" data-element_type="container">
				<div class="elementor-element elementor-element-917671f elementor-widget elementor-widget-text-editor" data-id="917671f" data-element_type="widget" data-widget_type="text-editor.default">
				<div class="elementor-widget-container">
									<p>La gamme de panneaux du programme de portes sectionnelles de type ST peut être utilisée comme remplissage du profilé en aluminium Luxe-Line à rupture thermique, offrant ainsi une porte à la fois unique et entièrement personnalisée, parfaitement adaptée à vos besoins.</p><p>Le portillon Luxe-Line se décline en de nombreuses couleurs standard, mais peut également être réalisé dans toutes les teintes RAL.</p><p>Pour une touche supplémentaire de sophistication, il est possible d’intégrer des remplissages en verre (ronds, carrés, rectangulaires ou ovales), selon vos préférences. Ce modèle est disponible en version simple ou double, selon vos exigences.</p>								</div>
				</div>
				</div>
				</div>
				</div>
		<div class="elementor-element elementor-element-61af0a4 e-con-full e-flex e-con e-parent" data-id="61af0a4" data-element_type="container" data-settings="{&quot;background_background&quot;:&quot;classic&quot;}">
		<div class="elementor-element elementor-element-3dbc486 e-con-full container__xl e-flex e-con e-child" data-id="3dbc486" data-element_type="container">
		<div class="elementor-element elementor-element-dbc8ef0 e-con-full e-flex e-con e-child" data-id="dbc8ef0" data-element_type="container">
				<div class="elementor-element elementor-element-e007500 elementor-widget elementor-widget-heading" data-id="e007500" data-element_type="widget" data-widget_type="heading.default">
				<div class="elementor-widget-container">
					<h2 class="elementor-heading-title elementor-size-default">Prenez rendez-vous ou envoyez-nous un e-mail</h2>				</div>
				</div>
				</div>
		<div class="elementor-element elementor-element-624ef8b e-con-full e-flex e-con e-child" data-id="624ef8b" data-element_type="container">
				<div class="elementor-element elementor-element-bcaf487 elementor-widget elementor-widget-button" data-id="bcaf487" data-element_type="widget" data-widget_type="button.default">
				<div class="elementor-widget-container">
									<div class="elementor-button-wrapper">
					<a class="elementor-button elementor-button-link elementor-size-sm" href="https://l-doornassau.be/fr/contact/">
						<span class="elementor-button-content-wrapper">
									<span class="elementor-button-text">Contactez nous</span>
					</span>
					</a>
				</div>
								</div>
				</div>
				</div>
				</div>
				</div>
				</div>

<p>Portillon Luxe-line La porte Luxe-Line est un portillon polyvalent parfaitement adapté aux applications résidentielles et industrielles. Demander un devis La gamme de panneaux du programme de portes sectionnelles de type ST peut être utilisée comme remplissage du profilé en aluminium Luxe-Line à rupture thermique, offrant ainsi une porte à la fois unique et entièrement personnalisée, [&hellip;]</p>
