{"id":21196,"date":"2018-06-01T09:06:18","date_gmt":"2018-06-01T08:06:18","guid":{"rendered":"https:\/\/l-doornassau.be\/product\/telecommande-2-canaux-max-2-portes-de-garage-prix-hors-tva\/"},"modified":"2018-02-01T09:06:18","modified_gmt":"2018-02-01T08:06:18","slug":"telecommande-2-canaux-max-2-portes-de-garage-prix-hors-tva","status":"publish","type":"product","link":"https:\/\/l-doornassau.be\/fr\/product\/telecommande-2-canaux-max-2-portes-de-garage-prix-hors-tva\/","title":{"rendered":"T\u00e9l\u00e9commande 2 canaux \u2013 max. 2 portes de garage (prix hors TVA)"},"content":{"rendered":"<p>La t\u00e9l\u00e9commande standard NASSAU \u00e0 2 canaux unidirectionnelle peut \u00eatre programm\u00e9e pour diff\u00e9rentes fonctions. Elle permet de commander une ou deux portes, d\u2019allumer ou d\u2019\u00e9teindre la lampe du moteur, ou d\u2019ouvrir l\u00e9g\u00e8rement la porte pour ventiler le garage. Les boutons de la t\u00e9l\u00e9commande peuvent \u00eatre verrouill\u00e9s pour \u00e9viter toute utilisation ind\u00e9sirable.  <\/p>\n<p>Ce mod\u00e8le est compatible avec toutes les portes de garage NASSAU \u00e0 partir d\u2019avril 2016 et est livr\u00e9 avec un ouvre-porte de garage de type Comfort (50, 260, 270).<\/p>\n","protected":false},"excerpt":{"rendered":"<p>La t\u00e9l\u00e9commande NASSAU \u00e0 2 canaux unidirectionnelle peut \u00eatre programm\u00e9e pour diff\u00e9rentes fonctions. Elle permet de commander une ou deux portes, d\u2019allumer ou d\u2019\u00e9teindre la lampe du moteur, ou d\u2019ouvrir l\u00e9g\u00e8rement la porte pour ventiler le garage. Les boutons de la t\u00e9l\u00e9commande peuvent \u00eatre verrouill\u00e9s pour \u00e9viter toute utilisation ind\u00e9sirable.  <\/p>\n<p>Ce mod\u00e8le est compatible avec toutes les portes de garage NASSAU \u00e0 partir d\u2019avril 2016 et est livr\u00e9 avec un ouvre-porte de garage de type Comfort (50, 260, 270).<\/p>\n","protected":false},"featured_media":19407,"template":"","meta":{"_acf_changed":false},"product_brand":[],"product_cat":[162],"product_tag":[168,167],"class_list":{"0":"post-21196","1":"product","2":"type-product","3":"status-publish","4":"has-post-thumbnail","6":"product_cat-industrie","7":"product_tag-commande-de-porte-de-garage","8":"product_tag-porte-de-garage","9":"product_shipping_class-normal","11":"first","12":"outofstock","13":"taxable","14":"shipping-taxable","15":"purchasable","16":"product-type-simple"},"acf":[],"_links":{"self":[{"href":"https:\/\/l-doornassau.be\/fr\/wp-json\/wp\/v2\/product\/21196","targetHints":{"allow":["GET"]}}],"collection":[{"href":"https:\/\/l-doornassau.be\/fr\/wp-json\/wp\/v2\/product"}],"about":[{"href":"https:\/\/l-doornassau.be\/fr\/wp-json\/wp\/v2\/types\/product"}],"wp:featuredmedia":[{"embeddable":true,"href":"https:\/\/l-doornassau.be\/fr\/wp-json\/wp\/v2\/media\/19407"}],"wp:attachment":[{"href":"https:\/\/l-doornassau.be\/fr\/wp-json\/wp\/v2\/media?parent=21196"}],"wp:term":[{"taxonomy":"product_brand","embeddable":true,"href":"https:\/\/l-doornassau.be\/fr\/wp-json\/wp\/v2\/product_brand?post=21196"},{"taxonomy":"product_cat","embeddable":true,"href":"https:\/\/l-doornassau.be\/fr\/wp-json\/wp\/v2\/product_cat?post=21196"},{"taxonomy":"product_tag","embeddable":true,"href":"https:\/\/l-doornassau.be\/fr\/wp-json\/wp\/v2\/product_tag?post=21196"}],"curies":[{"name":"wp","href":"https:\/\/api.w.org\/{rel}","templated":true}]}}

Télécommande 2 canaux – max. 2 portes de garage (prix hors TVA)

<p>La télécommande standard NASSAU à 2 canaux unidirectionnelle peut être programmée pour différentes fonctions. Elle permet de commander une ou deux portes, d’allumer ou d’éteindre la lampe du moteur, ou d’ouvrir légèrement la porte pour ventiler le garage. Les boutons de la télécommande peuvent être verrouillés pour éviter toute utilisation indésirable.  </p>
<p>Ce modèle est compatible avec toutes les portes de garage NASSAU à partir d’avril 2016 et est livré avec un ouvre-porte de garage de type Comfort (50, 260, 270).</p>

<p>La télécommande NASSAU à 2 canaux unidirectionnelle peut être programmée pour différentes fonctions. Elle permet de commander une ou deux portes, d’allumer ou d’éteindre la lampe du moteur, ou d’ouvrir légèrement la porte pour ventiler le garage. Les boutons de la télécommande peuvent être verrouillés pour éviter toute utilisation indésirable.  </p>
<p>Ce modèle est compatible avec toutes les portes de garage NASSAU à partir d’avril 2016 et est livré avec un ouvre-porte de garage de type Comfort (50, 260, 270).</p>
